- 18, -v - 3 = -w. Suppose 0*f + 15 = 3*x + f, 5*x + v*f - 24 = 0. Give h(x).
3
Let x(l) = -47*l - 13. Let a(f) = 21*f + 6. Let o(c) = -9*a(c) - 4*x(c). Let s be 4/2 + 2 + 2. Determine o(s).
-8
Let h(g) be the third derivative of 7*g**2 + 3/2*g**3 + 0 + 0*g - 3/8*g**4 + 7/60*g**5 - 1/120*g**6. What is h(6)?
-9
Let r(t) = -4*t - 5*t + t + 9*t + 4. Let v be r(-7). Let f(l) = 3*l**3 - 4*l**3 - 1 - 3*l**2 + 3*l + 0 + 4. Determine f(v).
-6
Let d = -4 + 4. Let r(k) = -5*k**2 - 6*k - 12. Let w(t) = -11*t**2 - 13*t - 25. Let v(y) = 13*r(y) - 6*w(y). Calculate v(d).
-6
Suppose t - 3*i + 1 = -19, -36 = 2*t - 4*i. Let q = 16 + t. Let j(v) = 3*v - 4*v + 0*v + q. Give j(-5).
7
Let t(f) = f + 9. Suppose -4*z - z - 29 = -4*m, 3*z - 5*m = -20. Let w be t(z). Let x(u) = -u**2 - 2*u + 2*u - 6 - w*u. Calculate x(-4).
-6
Suppose 12*q - 32*q = -920. Let t = q - 43. Let c(s) = -s**2 - 2*s - 4. What is c(t)?
-19
Let w(m) = 3*m**2 - 6*m - 1. Let c(n) = 4*n**2 - 9*n - 1. Let t be (-10)/4*(-4 + 6). Let f(r) = t*c(r) + 7*w(r). Let x = -733 + 729. What is f(x)?
2
Let y(a) = -4*a - 8. Let u(m) = 7*m + 15. Let o(v) = 6*u(v) + 11*y(v). What is o(3)?
-4
Let p = -5 - -10. Let q be (6/(-10))/((-1)/p). Let m(h) = -1 + h**3 - 3*h**2 - 4 - h + 7 + h**2. What is m(q)?
8
Let l(o) = 11*o**2 - 19*o - 9. Let u(i) = 4*i**2 - 6*i - 3. Let p(b) = -3*l(b) + 8*u(b). Suppose 2*r - 3*r = -7. What is p(r)?
17
Suppose -6*d = 86 - 20. Let y = d - -18. Let t = y - 10. Let w(z) = -z**3 - 3*z**2 - 4*z - 2. Calculate w(t).
10
Suppose -19*f + 10 = -17*f. Let h(n) = n - 5. What is h(f)?
0
Let x(j) = -j**3 - 5*j**2 + 5*j - 7. Let h be 77/(-11 - -4) - (-1 - 4). What is x(h)?
-1
Let p(t) = -78*t + 2. Let c(m) = -71*m + 2. Let k(h) = 7*c(h) - 6*p(h). Determine k(-1).
31
Suppose -3*u = 2*u. Let p = -2 - -14. Let s(m) = -6 + m**2 + m + p + 0*m**2. Determine s(u).
6
Let c(l) be the third derivative of -l**4/8 - 5*l**3/3 - 38*l**2. Let w be 1/(-2) + (-7)/2. Let n be c(w). Let p(z) = z**3 - z**2. Calculate p(n).
4
Let w(s) = -3*s - 10. Suppose 4*u - 4 - 21 = -f, 5*u - 2*f = 15. Let a(i) = -2*i - 7. Let r(k) = u*w(k) - 7*a(k). What is r(2)?
-3
Let x = -79 + 82. Let l(i) = -i**3 + 3*i**2 - i - 1. Calculate l(x).
-4
Suppose 0 = 5*n + 15, 4*g + 0*n - n = 7. Let d(w) = 1 - 10*w + w**2 + 9*w + g. Suppose 0 = -s + 5 - 5. What is d(s)?
2
Suppose -4*a - 9 + 21 = 0. Let o(p) = p - 4 - 5*p**2 + p**3 - 3 + 2*p**2 + 3. Calculate o(a).
-1
Let p(t) = t**3 + 3*t**2 - 2*t - 1. Let v be ((-2)/(-4))/((-38)/380). Give p(v).
-41
Let b(q) = -2*q + q**2 - 8 - 9*q - 5 - 8*q + 11*q. Give b(9).
-4
Let h(f) = f**3 + 15*f**2 + 46*f + 24. Suppose -277 = 8*s - 189. What is h(s)?
2
Let p(n) be the second derivative of -7*n - 5/2*n**2 + n**3 + 0 + 1/12*n**4. What is p(-7)?
2
Let f be 1358/266 + 1 + 21/(-19). Let w(p) = -p**3 + 6*p**2 - 3*p + 8. What is w(f)?
18
Let u(h) be the first derivative of -5*h**4 + h + 1/3*h**3 - 1/2*h**2 - 18. Give u(1).
-19
Suppose 3*m - 26 - 19 = 0. Let q = -11 + m. Suppose 4*s = -a - 5, -1 = q*s + 7. Let c(t) = 3*t. Determine c(a).
9
Let b(f) be the first derivative of -5*f + 5/3*f**3 - 1/2*f**2 + 1/4*f**4 - 27. Suppose -u - 9 + 4 = 0. Give b(u).
0
Let y(f) be the second derivative of -f**7/840 + f**6/60 - f**5/20 + f**4/8 - 10*f**3/3 + 2*f. Let x(q) be the second derivative of y(q). What is x(4)?
11
Let q(o) = -o**2 - 2*o + 3. Let c be q(2). Let y(s) = s - 2 - 2 + 2. Calculate y(c).
-7
Suppose -3*q + 4*t - 46 + 3 = 0, 0 = 4*q - 5*t + 57. Let c = -7 - q. Let h(l) = -2*l + 1. Calculate h(c).
-11
Let b(k) = -k**2 - 7*k + 36. Let v be (-29)/3 + (49/(-21) - -2). Determine b(v).
6
Let i(h) = -h**2 + 112*h + 81*h - 174*h - 25. Give i(17).
9
Let i(u) = 4*u + 1. Suppose -5*q + 4 = 5*k + 19, -q = -2*k + 9. What is i(k)?
9
Let o(t) = -t**3 - 6*t**2 - 6*t. Let j(c) = -3*c + 7. Let l be j(5). Let z = l - -13. Suppose -u - 11 = -3*h, 15 = -z*u - 3*h - 2*h. Determine o(u).
5
Suppose -9*l = -34 - 11. Let i(f) = -3*f + 2. What is i(l)?
-13
Suppose 5*z - 32 = z. Let j = z - 6. Let u(b) = -2*b**2 - 9*b**j + b**3 + 9*b**2 + b + b**2 - 4. Calculate u(0).
-4
Let w(b) be the second derivative of -b**5/20 + 17*b**4/12 - b**3/6 + 7*b**2 + 45*b + 2. Calculate w(17).
-3
Let j = -20 + 33. Suppose -4 = 3*p - j. Let l = p - -1. Let q(b) = b**3 - 5*b**2 - 1. Determine q(l).
-17
Let z = 232 + -230. Let n(o) = -3*o**3 + o**2 + o - 1. What is n(z)?
-19
Let n(g) = 3*g**2 - 15*g - 16. Let k(y) = -y**2 + 4*y + 5. Let i(o) = 7*k(o) + 2*n(o). Calculate i(-3).
0
Let m(h) = h**2 + h. Let z be m(1). Suppose u + 8 = z. Let w(x) = x**2 + 3*x - 6. What is w(u)?
12
Let l(z) = -2*z**2 + 32*z - 34. Let q = -772 + 787. Determine l(q).
-4
Let b(c) = 7*c**2 - 10*c**2 - 3*c - c**3 + 2*c**2 - 2 - 9*c**2. Determine b(-10).
28
Let x(q) = 2*q - 21. Suppose -13 = -6*a + 5*a. Let y be x(a). Let s(b) = -b + 7. What is s(y)?
2
Let t(f) = -10*f + 54*f**2 - 162*f**2 + 54*f**2 + 55*f**2. Determine t(10).
0
Let h(g) be the third derivative of 5*g**2 + 0 + 4/3*g**3 - 1/12*g**4 + 0*g. Calculate h(7).
-6
Suppose -39*s - 1 = 6*s + 44. Let m(u) be the third derivative of u**2 + 0 + 0*u**3 + 1/3*u**4 + 0*u. Calculate m(s).
-8
Let a(z) = 5 - 2*z + 7 - 3. Suppose 0 = -4*p + 4, 68*p = -m + 70*p + 4. What is a(m)?
-3
Let p(h) = -h**3 - 2*h**2 + 2*h - 3. Let j(z) = -11*z**2 - 23*z - 5. Let s be j(-2). Give p(s).
0
Suppose f = -0*f + 6. Let z be ((-72)/(-16))/(3/(-4)). Let g(c) = 4*c**2 + 10*c - 7. Let y(o) = -5*o**2 - 11*o + 8. Let k(w) = z*g(w) - 5*y(w). Determine k(f).
8
Let k(z) = 2*z**3 + z**2. Let r(o) = 3*o**3 - 5*o**2 + 6*o - 7. Let b(q) = -k(q) + r(q). What is b(5)?
-2
Let l(x) = x**3 + 8*x**2 + x + 10. Suppose 2*p - 409 = 3*g, -2*p + 24 = -4*g - 388. Let z be 3*(p/15)/(-5). What is l(z)?
2
Let n = -279 + 272. Let g(f) = -f**3 - 7*f**2 + 1. Calculate g(n).
1
Let w(v) = v**3 - 6*v**2 - 7*v + 7. Let l(z) = z**2 - 3*z - 15. Let t be l(6). Suppose 25 = t*o - m, m + 8 = -m. Calculate w(o).
7
Let k = -172 - -166. Let u(c) be the second derivative of c**5/20 + 7*c**4/12 + c**3/2 - 7*c**2/2 + 2*c. Determine u(k).
11
Let b(v) be the third derivative of -12*v**2 + 1/24*v**4 - 1/120*v**6 + 0 + 0*v + 1/60*v**5 - 1/6*v**3. Give b(2).
-3
Suppose 18*a - 75 = -93. Let k(v) = -13*v**3 - 1. Calculate k(a).
12
Let i = 200 - 0. Let c(v) = -v**2 - 2 - 7 - i*v + 191*v. Calculate c(-6).
9
Suppose -23 = 60*w - 23. Let z(x) be the third derivative of 1/3*x**3 + w*x + 0 - 4*x**2 + 1/24*x**4. Calculate z(6).
8
Let d(v) be the second derivative of -v**4/24 + v**3/2 - 7*v**2 - 11*v. Let h(i) be the first derivative of d(i). Give h(8).
-5
Let p(r) = 2*r**2 + 3*r + 2. Let k be p(-5). Let d = -37 + k. Let i(m) = -m**2 - m - 18. What is i(d)?
-18
Let z(i) be the third derivative of -7*i**4/6 - i**3/6 - 14*i**2 + 4. What is z(-1)?
27
Let m(r) = -42*r + 192. Let u(f) = 12*f - 54. Let x(i) = -5*m(i) - 18*u(i). Calculate x(10).
-48
Let l(m) be the first derivative of -m**6/360 + m**5/30 + 5*m**4/24 - 4*m**3 - 21. Let n(x) be the third derivative of l(x). Calculate n(8).
-27
Let f(a) = 3 + 6*a**2 - 12*a**2 - 8*a - a**3 - 10. Suppose 0 = 12*p - 8*p - 28. Let j(w) = -w**3 + 6*w**2 + 7*w - 5. Let b be j(p). Give f(b).
8
Suppose -4*a + 19 = v, 7 + 14 = 4*v + 5*a. Let c = -37 + 51. Let h(b) = 2 + 10*b - 1 - c*b. Calculate h(v).
5
Let o(p) = p**3 + 2*p**2 - 2*p + 3. Suppose m + v = 0, 0 = 5*m - 0*m + 4*v + 3. Give o(m).
0
Suppose -k + 23 = 18. Let x(m) = -m**2 + 6*m - 2. Calculate x(k).
3
Suppose 4*b + b = 20. Let t(n) = 7*n + 6. Let q(f) = -8*f - 5. Let h(j) = 5*q(j) + 6*t(j). Let y(l) = -5*l - 32. Let z(c) = 8*h(c) + 3*y(c). Give z(b).
-4
Let s(k) = -46*k - 55*k - 11 + 99*k. Let t(l) = -8 - 4*l - 24 + l - 2*l. Let u(x) = 8*s(x) - 3*t(x). Calculate u(4).
4
Let f(k) = -5*k**3 - 1. Suppose -11*j + 4*j - 84 = 0. Let p be ((-27)/j)/(-9) - 15/(-12). Determine f(p).
-6
Let u(c) = c + 7. Let d(g) = g. Let a(m) = d(m) + u(m). Let l be ((-209)/22)/(-19)*-18. Determine a(l).
-11
Let x(p) be the third derivative of p**6/120 + p**5/15 - p**4/6 + p**3/3 + 10*p**2 - 6. Calculate x(-5).
-3
Let k(b) = b - 4. Let x be 2/(-5)*(-21 - -1). Let i be k(x). Suppose -i*d + g = 19, 3*d - g + 2*g + 9 = 0. Let o(a) = -a**2 + 4. Give o(d).
-12
Let a(r) = 5*r + 16. Let o = 27 + -31. Determine a(o).
-4
Let y(z) = z**3 + 7*z**2 + 5*z - 3. Let m